8481.
33
What is the highest common factor of 288671 and 736452?
2273
Calculate the highest common divisor of 30886170 and 30.
30
Calculate the greatest common factor of 7992166 and 112.
14
Calculate the greatest common factor of 14016 and 4024.
8
Calculate the highest common factor of 326438740 and 708.
236
Calculate the greatest common factor of 685 and 2205289.
137
Calculate the highest common divisor of 42526744 and 104.
104
Calculate the greatest common factor of 10209566 and 1854.
206
Calculate the highest common factor of 198 and 9264266.
22
What is the highest common factor of 1196806 and 26?
26
Calculate the greatest common divisor of 1160 and 84282120.
1160
Calculate the highest common factor of 636 and 134696850.
318
Calculate the greatest common divisor of 48575 and 27869.
29
Calculate the greatest common factor of 10939652 and 372.
124
Calculate the highest common factor of 151792988 and 1271.
1271
Calculate the highest common factor of 1031066 and 19894.
58
Calculate the highest common divisor of 476 and 8520876.
476
What is the greatest common factor of 1786056 and 30?
6
Calculate the greatest common factor of 1775310 and 75.
15
Calculate the highest common factor of 12859 and 12809902.
1169
What is the highest common divisor of 9 and 48679209?
9
What is the highest common divisor of 9111525 and 150?
75
What is the highest common factor of 1014637 and 299?
13
What is the highest common factor of 792 and 20024136?
792
What is the highest common divisor of 23154528 and 5568?
2784
Calculate the highest common divisor of 72 and 23254032.
24
What is the highest common factor of 36662814 and 6?
6
Calculate the greatest common factor of 6826270 and 770.
110
Calculate the highest common divisor of 29758066 and 13.
13
What is the highest common divisor of 4281088 and 16128?
1792
Calculate the highest common factor of 5381 and 943843543.
5381
Calculate the greatest common divisor of 574988435 and 7994.
3997
Calculate the highest common divisor of 177561648 and 1584.
1584
What is the greatest common divisor of 27310733 and 76?
19
Calculate the highest common divisor of 18856213 and 34.
17
What is the highest common factor of 2624 and 9239760?
656
Calculate the highest common divisor of 552811 and 117152.
3661
Calculate the highest common divisor of 30 and 259220.
10
Calculate the greatest common divisor of 105 and 710829.
21
Calculate the greatest common divisor of 12891652 and 76.
76
What is the highest common factor of 7410 and 1890?
30
What is the highest common factor of 462959 and 7?
7
What is the greatest common factor of 31 and 5242?
1
Calculate the highest common factor of 997729460 and 1465.
1465
Calculate the highest common divisor of 40 and 55770310.
10
What is the highest common divisor of 972 and 24628536?
972
Calculate the highest common divisor of 1 and 1600355.
1
Calculate the highest common divisor of 629856 and 10683.
9
What is the highest common divisor of 575195 and 5950?
85
What is the greatest common factor of 247 and 967138?
19
Calculate the greatest common factor of 254965 and 2465.
5
What is the highest common divisor of 30422337 and 88?
11
Calculate the greatest common factor of 505230 and 220.
110
Calculate the highest common factor of 56826 and 22176.
1386
Calculate the greatest common factor of 37723988 and 20892.
6964
Calculate the greatest common factor of 630 and 213646440.
210
What is the greatest common factor of 5420 and 137521660?
5420
Calculate the greatest common divisor of 7164948 and 672.
84
Calculate the greatest common divisor of 89244518 and 7502.
242
Calculate the greatest common factor of 508 and 2202307.
127
Calculate the greatest common divisor of 3 and 1252893.
3
What is the highest common divisor of 447 and 3812761?
149
Calculate the highest common divisor of 250425 and 20410425.
1575
Calculate the greatest common factor of 164 and 622358188.
164
Calculate the highest common factor of 114121091 and 63.
7
What is the greatest common factor of 6886 and 1874870?
626
What is the greatest common divisor of 214609736 and 88?
88
Calculate the highest common factor of 246666 and 16743084.
5034
Calculate the greatest common factor of 636251 and 2233.
77
Calculate the greatest common factor of 640440 and 3672.
216
What is the highest common divisor of 27 and 3564972?
27
What is the greatest common factor of 31 and 280001?
1
Calculate the highest common divisor of 3073056 and 2618.
238
What is the highest common factor of 2133087 and 702294?
5241
Calculate the greatest common factor of 829730 and 4764.
794
What is the highest common factor of 290 and 10680932?
58
What is the highest common factor of 61767810 and 117?
117
Calculate the highest common factor of 96 and 267690.
6
What is the highest common divisor of 8378924 and 2337?
779
Calculate the highest common factor of 727608 and 77.
7
Calculate the highest common divisor of 162231257 and 6329.
6329
What is the highest common factor of 1566693315 and 11?
11
Calculate the highest common factor of 94478 and 2437998.
194
What is the highest common factor of 11605956 and 11748?
1068
What is the greatest common factor of 3378144 and 2310?
462
What is the highest common divisor of 35 and 188516160?
35
What is the highest common divisor of 177 and 4253192?
59
Calculate the greatest common divisor of 69870 and 72420.
510
Calculate the highest common divisor of 39409572 and 10944.
228
What is the greatest common divisor of 5349998 and 31132?
362
Calculate the highest common factor of 266426 and 372.
2
Calculate the highest common factor of 178428929 and 6748.
1687
Calculate the highest common factor of 2340 and 10673325.
585
Calculate the highest common divisor of 4988028 and 108.
12
What is the greatest common factor of 15264558 and 27?
27
Calculate the highest common divisor of 169 and 159458429.
169
What is the greatest common factor of 464 and 234322378?
58
Calculate the greatest common factor of 3408 and 31152.
48
Calculate the highest common factor of 2319396 and 13092.
12
What is the highest common divisor of 1796 and 7379315?
449
What is the greatest common factor of 819 and 3694887?
63
Calculate the greatest common factor of 9087548 and 304.
76
Calculate the highest common divisor of 39 and 8943051.
39
What is the highest common factor of 5007140 and 7120?
1780
What is the greatest common divisor of 547232 and 736?
32
What is the greatest common factor of 30420572 and 5096?
2548
Calculate the greatest common factor of 57780065 and 13720.
1715
Calculate the highest common factor of 5509152 and 42300.
1692
Calculate the highest common divisor of 424905847 and 89.
89
What is the greatest common divisor of 70 and 3165811425?
35
Calculate the greatest common divisor of 227360 and 109088.
224
What is the greatest common factor of 13 and 5094349?
13
Calculate the highest common divisor of 4441028 and 8172.
908
What is the greatest common divisor of 319216 and 5416?
8
Calculate the highest common factor of 51359 and 4081.
77
Calculate the greatest common divisor of 12128328 and 408.
24
What is the greatest common divisor of 8089560 and 495?
45
What is the highest common divisor of 36837466 and 38?
38
Calculate the greatest common divisor of 16 and 7829464.
8
What is the highest common factor of 2812 and 124530826?
1406
What is the highest common divisor of 44029145 and 310?
155
What is the highest common divisor of 8049121 and 1145?
229
What is the greatest common factor of 1006570980 and 380?
380
Calculate the greatest common factor of 5017232 and 880.
176
What is the highest common divisor of 10249 and 3612902?
37
Calculate the highest common factor of 5980459 and 209.
19
Calculate the highest common divisor of 30676544 and 628.
628
Calculate the greatest common factor of 201 and 17652624.
201
What is the greatest common divisor of 2466 and 1217923698?
822
Calculate the highest common divisor of 188928 and 9527088.
1968
Calculate the highest common divisor of 76215 and 15885.
15
What is the highest common divisor of 871 and 522756?
13
Calculate the highest common divisor of 469420976 and 32.
16
Calculate the highest common factor of 1917 and 74709.
27
What is the highest common factor of 316411126 and 67018?
9574
Calculate the highest common factor 